 -188 - (3 + 33).
56
Evaluate (-156 - -156) + 30 + -29.
1
What is -79 + 58 + -3 + 2 + 0 + 0?
-22
Evaluate -54 + (47 - 42 - (3 + -11)) + -12.
-53
What is the value of -22 + 136 + (31 - 73) + 10?
82
Calculate -7 + (-13 - (-47 - -5)) + 24 + -2 + 0.
44
What is 4 + -14 + -50 + (-51 - -25) + 2?
-84
What is -33 - (-59 + 70 + (-2 - 2))?
-40
22 + 15 + -33 - (-5 - -72)
-63
Evaluate 76 - (17 - (23 + -48)).
34
Evaluate 7 + (-9 + -2 - (40 + (-13 - 26))) + -26.
-31
(-81 - (-55 - 31) - (1 - -5)) + 2 + -96
-95
What is the value of 10 - (-83 + -9 + 12 + -2 + -5 + -3)?
100
Evaluate -142 + (-20 - -179) - ((2 - -1) + -11).
25
What is 0 + 11 + 1 - (40 + -51 - -20) - 6?
-3
What is -5 - 28 - (12 - (19 - 20)) - -1?
-45
What is the value of -9 - (188 + -189 - (87 - -2 - 1))?
80
What is -2 - -14 - (-2 + (6 - -11))?
-3
What is the value of -39 - -38 - -11 - 15?
-5
Calculate 6 + 1 + (9 - (-3 - (-9 - 13))) + 23.
20
What is 20 - (-2 + 33) - (-3 - -35)?
-43
Evaluate 34 + (4 + -47 - -17) - 57.
-49
What is the value of -6 - (-20 + 10) - (11 - -8)?
-15
Calculate -2 + -12 + (-13 - ((-21 - -2) + 76 + 4)).
-88
Evaluate -1 - (-11 - ((-14 + 2 - (0 - -11)) + 1)).
-12
What is the value of -176 + 145 + (2 - -93) + 30?
94
What is (-38 - -30) + 29 - (8 - -1)?
12
What is -95 + (-9 - (-11 + (2 - 12) + 31 - 5))?
-109
(34 + -19 + -27 - 26) + (4 - (-1 - -3))
-36
-58 - -23 - (-1 + -16) - 7
-25
Calculate -12 + (8 + -7 - (-5 - 9)) + -2.
1
What is the value of 7 + (-28 - 9 - -11 - -4) - -81?
66
What is 41 - 61 - (-11 + 30 - 45)?
6
Evaluate (-7 - (-3 + -3 - -1 - -12)) + (-70 - -12).
-72
Calculate -28 + (50 - (19 + -2)).
5
What is the value of -1 + 9 - (17 - (6 - -46)) - (2 - -5)?
36
What is 82 - (112 + -23 + -22)?
15
What is the value of 0 - (23 - 0) - (-38 + (47 - (-6 - -20)))?
-18
Evaluate 97 + -92 + 29 + 76.
110
What is the value of 9 - ((-4 - 4) + 8 + (1 - -1) + 35)?
-28
What is -97 - (-33 + -32) - (5 + 15)?
-52
-1 - (-13 - 0) - (2934 + -2862)
-60
What is the value of 4 + -7 + (6 - (-20 - -3)) + -14?
6
What is 308 - 245 - (-39 - -199)?
-97
-5 + 18 + -18 - 46 - (3 + (6 - 6))
-54
Calculate -37 - ((3 - -7) + (-44 - -45)).
-48
(-18 - (-12 + 1)) + -2 + 5 + 18 + -4
10
Calculate 141 + -2 + -16 + 392 + -410.
105
What is the value of 49 + 42 + -52 - 42?
-3
Evaluate 112 + (7 - (17 - -4) - 4).
94
Evaluate -13 + (-17 - (-30 + -17 + 6)).
11
What is the value of (-12 - -3) + (-23 - (-29 - 9))?
6
-98 + (-25 - -22) + 42 + -1 + -22
-82
What is the value of 18 + (36 - 71) + 12?
-5
What is the value of (13 - (-37 + 8)) + (-4 - 21)?
17
-3 - (-35 - 2 - (226 + -220))
40
86 + (-63 + -36 - -37)
24
Calculate -64 + 47 - -54 - (8 - 37).
66
Calculate 95 - (105 + -25 + -24).
39
What is the value of (-4 - -1 - -1) + 3 + -109 - (255223 - 255224)?
-107
Evaluate 7 + (-5 - -17 - 35) + 156 + (-23 - -17).
134
Calculate -111 + 9 + -4 - -59.
-47
Calculate -32 - ((-27 - -19) + (24 - 3) - (6 + 2)).
-37
What is the value of (2 - 0 - 20) + (-5390 - -5332)?
-76
What is the value of -44 + 25 + 11 - -14?
6
What is the value of (0 - -1) + -7 - (122 - 232 - -91) - -20?
33
171 + -177 - (3 - 0) - 5 - (-6 - 51)
43
What is (1 - -1) + (-25 - (-122 + 126))?
-27
What is -116 - ((-42 - -15 - -33) + -8)?
-114
3 - (1 + -1 + 2 + 2 - (-576 - -660))
83
Evaluate (-1 + -6 - -17 - (87 - 73)) + 110.
106
Evaluate -9 - (0 - 20 - (16 - 13) - (-64 - -62)).
12
What is the value of -94 + 85 + 29 - (-1 + -16)?
37
Evaluate 631 + -430 - (114 - 14).
101
What is 21 - (-12 + 80 - 13)?
-34
Calculate 31 + (-157 - -68) + -4.
-62
Calculate -43 - 5 - (-13 - (-5 - -2) - (17 + -18)).
-39
Evaluate -35 + (-9 - -41) + (5 - 3) + -3.
-4
-3 - (79 + (1 - 3 - (-3 + -17 - -14)))
-86
Evaluate 2 - -26 - (-43 + -65 + 190).
-54
(-119 - 2) + -168 + 227
-62
-29 - (-143 + 120) - (-23 + 0)
17
Evaluate -94 + 3 + -164 + 180 + (0 - 5).
-80
Calculate 3 - -15 - (-6 - (-12 - -11) - -14) - -95.
104
What is the value of (571 - 552) + -2 + 48 + -37?
28
Calculate 18 + (-5 - 77) + 21.
-43
What is the value of -77 - -136 - 128 - 10?
-79
What is 42 + -57 + 1 + -10?
-24
What is the value of 10 + -26 + (6 - 19) - (1 - 12)?
-18
What is the value of -102 + 105 - 40 - 96?
-133
What is the value of 1 + -59 + (237 - 199)?
-20
Evaluate 8 + -1 - (-1 + 4 + 14 + -33 + 12).
11
What is 4 - ((4143 - 4194) + (-7 + -2 + -1 - 1))?
66
Calculate 74 + -5 - ((9 - 8) + (-25 - -38)).
55
Evaluate 12 + -81 - 10 - -132.
53
Evaluate 21 - -29 - 25 - 21.
4
0 + -31 + (-78 + -8 - -104) + 0 + 70
57
What is the value of 13 + 5 + -871 + 872 + (0 - (-1 - 4))?
24
What is 31 - (20 - 33) - 13?
31
(-18 - (29 - 44)) + 80 + 23
100
Evaluate (-1 - 50 - (-231 + 200)) + -13.
-33
Calculate 19 - (3 - (14 - 0) - (83 + -99)).
14
Evaluate -3 + (-1 - (5 + -4 - -2)) - (-256 + 248).
1
Evaluate -13 + ((2 - -24) + 6 - 25).
-6
Evaluate 2 + -38 + 573 + -602 + -16 + -2.
-83
246 - 243 - (-13 - -1 - -3)
12
Evaluate -4 + (4 - -8) + 189 + -136.
61
What is the value of 9 - (57 + (12 + -13 - (8 - -3)))?
-36
What is -33 + (4 - (-10 - (-18 - 13)) - -8)?
-42
What is the value of -60 - (7 + 4 - 117)?
46
Calculate -13 - -9 - 57 - (0 - 1 - (-71 + 80)).
-51
Evaluate -66 + 13 + 53 - (-88 + -9).
97
Calculate -9 + 22 - 21 - (48 + -12 + 12).
-56
Calculate -41 - (11 + -42) - 22.
-32
Calculate -9 + (-50 - (-86 - -46)) + 1 + 118.
100
33 - 0 - (-71 + 13) - (-1 + 19)
73
(91 + -32 - 52) + 4
11
What is the value of 0 + (-9 - -3) + -5 + -9 + 88 + -4?
64
-11 + 3 + (5 + 1 + -6 + -4 - -59)
47
Evaluate 17 + -19 + 6 + 0 + -3 + -8 - 8.
-15
What is the value of -3357 + 3312 - ((5 - 1) + -56)?
7
Calculate -321 + 318 + (-9 - 3).
-15
What is 5 - (15 + 0 - (3 + -38 - 1))?
-46
-81 + -2 - (-694 - -651)
-40
What is 39 - ((3 + 11 - 23) + 7)?
41
Evaluate 18 + (-3 - (91 + 9 - 26)).
-59
What is the value of -7 - ((-47 - -39) + 35)?
-34
Evaluate (8 - 5) + -25 + 2 + 1.
-19
What is the value of 67 + -12 + (-72 - 24)?
-41
What is 9 + -2 - (52 + -30 - (29 - 10))?
4
What is the value of (-10 - (5 + -6)) + 12 - -13?
16
1 + 92 - ((-1 - 0) + 19 + (-2993 - -2987))
81
What is -34 - (27 + -92) - (-1 - 8)?
40
What is -114 - (34 + 17 + -66)?
-99
Calculate -23 + -20 + -42 + 38 + 34.
-13
-31 + (-3 - -10) - (39 + -14 + -18)
-31
What is 79 - (10 + 11 - 9 - -1) - 4?
62
-8 - (0 + 40 + -8 + -24)
-16
What is -25 + 81 + -233 + 116?
-61
Calculate (-3 - -25) + (-7 - (5 - (6 + -3 + 4))).
17
What is the value of 20 - (12 + 23) - (-5 - -1 - (0 + -14))?
-25
What is -55 + (5 - -1 - (-267 - -264)) + 6 + -14?
-54
What is 5 - -8 - (30 + -11) - 4?
-10
Calculate -7 + -1 + -23 + (-43 - 12 - -12).
-74
Evaluate 1 + -15 + (1 - (-11 - (18 - 27 - 0))).
-11
Evaluate 35 - (82 - (32 - -8)).
-7
Evaluate (10 + -3 - (18 - -1)) + 3 + -30.
-39
What is 46 + -10 + 12 + -108?
-60
Evaluate (14 - (15 - -8)) + (4 - -6) + (2 - 40).
-37
Evaluate -32 + -17 + 49 + -5 - (-14 - 1) - 69.
-59
Calculate 65 - 106 - (10 + (47 - -5)).
-103
297 + -263 + (-34 - 0) + 1
1
Calculate -1 + 4 + 0 + -1 - 14 - (-2548 - -2552).
-16
What is the value of 3 + -15 + -10 + 25 + 14 + -22?
-5
(-1 - (1 + 1)) + -21 + (11 - 27)
-40
-1 + (-24 - -2) + (16 - (68 + -49))
-26
24 + 0 + (32 - (80 - 0)) + -4
-28
What is the value of 3 - -46 - (103 - 41 - 71)?
58
Calculate -1289 - -1342 - (-7 + -2).
62
Calculate 76 + -15 - (40 + 5 - 31).
47
What is the value of (-1 + -2 - (58 + 7 + -17)) + (21 - 17)?
-47
What is the value of (25 - 38 - -4) + 9 + (5 - 5) + 67?
67
What is 11 - (-18 + 35 + -1 + -33 - -75)?
-47
Calculate 10 + 13 + -17 + 8 + (-7 + 9 - -16).
32
What is the value of 71 + -182 - (-17 + -42)?
-52
Evaluate 0 + (-43 - (32 - 43)) + 16.
-16
(83 - 425) + 406 + 11 + -2 + 2 + -2
73
What is 0 + 1 + -1 - ((171 - 341) + 141)?
29
Calculate 34 + (-5 - (33 + 23)) + -42.
-69
Calculate 37 + -3 + -68 + 34.
0
(380 - 370) + (-2 - ((3 - (-1 - -9)) + -47))
60
Evaluate -2 + (-12 - -23) + 16 + -20.
5
What is 10 - ((7 - (-4 - (29 + -38))) + (0 - 43))?
51
55 + 9 + (55 - 120)
-1
What is the value of 15 + -12 + -2 - (-7 + (-4 - -13))?
-1
What is -18 - 6 - (-9 + (9 - -4) - -6)?
-34
What is (477 + -458 - (-9 + 1)) + -5?
22
Calculate -64 + 64 + (24 - 61).
-37
Evaluate 76 + (-8 - ((1 - (3 + 4)) + (-4 - -7))).
71
Evaluate 0 - (-22 + -1 - (422 - 463)).
-18
Evaluate (-32 - -56) + -52 - -77.
49
Calculate -10 - 12 - (-245 + 144 + (-7 - 2)).
88
What is -18 - -82 - 24 - (-68 - -70)?
38
Evaluate (-11 + (10 - 5 - 7) - 23) 